 i be u(5). What are the prime factors of (h/9)/(1/i)?
2, 5
Let c = -1 - -1. Suppose -14*m - 123 = 17. Let b = c - m. List the prime factors of b.
2, 5
Let h(w) = 3*w**2 + 4*w + 5. Let t = 32 + -30. Suppose 0 = 3*p + 2*k - 8, 3*p + t*k = 5*k + 18. List the prime factors of h(p).
3, 23
What are the prime factors of (-247 - 5/(-1))*(-2)/4?
11
Suppose 3*s = 10*s. Let p(l) = l**3 - l**2 - l + 72. List the prime factors of p(s).
2, 3
Let a be (-4)/8*-3*28/6. Suppose -16*d + a*d + 54 = 0. List the prime factors of d.
2, 3
Let y = -4238 + 7446. What are the prime factors of y?
2, 401
Let l = 83 + -45. Suppose -4*z = 5*d - 424, -d + 5*z - l = -146. List the prime factors of d.
2, 11
Suppose 7*x + 3*d = 3*x + 2168, -4*d = 5*x - 2711. What are the prime factors of x?
7, 11
Let o(r) = r**3 - 9*r**2 - 11*r - 2. Let v = 12 - 2. Let f be o(v). Let g = f - -43. What are the prime factors of g?
31
Let n(u) = 7*u - 12. Suppose 3*l + 5*q + 0*q - 25 = 0, -11 = -l + q. What are the prime factors of n(l)?
2, 29
Let f(h) = -h**3 - 3*h**2 + 2. Let o(t) = -t**3 - 4*t**2 - t + 2. Let m(j) = 2*f(j) - 3*o(j). Suppose 0 = 3*n + 13 - 1. List the prime factors of m(n).
2, 3
Let g = 615 - 339. Suppose -4*l = -g + 56. What are the prime factors of l?
5, 11
Let k(n) = -n**3 + 12*n + 5*n**2 + 19 - 21 - 5*n. Let l be k(6). Suppose 0 = 2*s + l*b, 0 = -2*s - 5*b - 4. What are the prime factors of s?
2
Let v(m) = m**3 - 6*m**2 + 26*m - 19. List the prime factors of v(10).
641
Let s(i) = -i**3 + 3*i**2 + 6*i - 9. Let y be s(3). Let v(k) = 18*k + 27. List the prime factors of v(y).
3, 7
Suppose -2*o - 15 = -25. Suppose 5*y - 31 = -3*k, -o*k + 29 = 4*y - 1. What are the prime factors of y?
5
Suppose 2*t - 2*j - 2258 = 0, 3*t - 5*j - 3389 = -0*j. List the prime factors of t.
2, 3, 47
What are the prime factors of (-14 + (-200)/(-14))/((-2)/(-8204))?
2, 293
Let d be (-1 - (2 + -5))/(-2). Let k be 0 + (4*-1)/d. Let y(l) = 2*l**2 - 6*l + 2. What are the prime factors of y(k)?
2, 5
List the prime factors of (-110)/165 - 14572/(-6).
2, 607
Let p(k) = -3*k**3 + 0*k**3 - 2 + 2*k + k - 6*k. Let n be p(-1). Suppose -n*s + 5*w = -131, 44 = 3*s - w - 46. List the prime factors of s.
29
Suppose 16 - 652 = 6*b. Let i = b - -65. Let y = 80 + i. What are the prime factors of y?
3, 13
Suppose 0*b - 3*b = -g - 168, -2*g + b = 321. Let t = g + 254. List the prime factors of t.
5, 19
Suppose 0 = 7*i + 36 - 8. List the prime factors of (1/(i/6))/(114/(-608)).
2
List the prime factors of 1450 + (-3 - (-6 - 1))*-1.
2, 3, 241
Let s be ((-15)/(-9))/((-2)/6). What are the prime factors of 1/s + ((-23328)/30)/(-3)?
7, 37
Let x(p) = 4*p**2 - 2*p - 8. Let f be x(6). Let n = 14 + f. Suppose 5*u - n = 2*u. What are the prime factors of u?
2, 23
Suppose -143 - 927 = -5*v. Suppose -5*b - v = -764. What are the prime factors of b?
2, 5, 11
Let o(v) = -3*v - 18. Let f be o(-8). Suppose 2*d - 4*m = 7*d - 442, 0 = -3*m - f. What are the prime factors of d?
2, 3, 5
Suppose 4*g - 34 = -42. List the prime factors of g/(-12) - (-55053)/162.
2, 5, 17
Suppose -d + 1000 = 3*s, -5*s - 3*d + 644 = -1024. Let k = s - 192. List the prime factors of k.
3, 47
Let l = -1019 + 2211. What are the prime factors of l?
2, 149
Let n(k) = 2*k**2 - 2*k + 1. Let j(v) = 2*v - 1. Let q be j(1). Let u be n(q). Suppose -3*w + 8 = -u. List the prime factors of w.
3
Let w(v) be the third derivative of v**6/120 + v**5/15 + v**4/24 - 5*v**2. What are the prime factors of w(4)?
2, 3, 11
Suppose 18*q - 31 = 5. Suppose 2*x + 815 = 3*o + 64, -q*o + 499 = -x. List the prime factors of o.
13, 19
Let k = -326 - -686. What are the prime factors of k?
2, 3, 5
Suppose -12649 = -3*w - v, 6056 + 10806 = 4*w - 2*v. What are the prime factors of w?
2, 17, 31
Let m = 18 - 14. Suppose -4*p - m*r + 280 = 0, -274 = -3*p - p - 2*r. What are the prime factors of p?
67
Let p = -17 + 22. Let c(n) = n. Let a(y) = y. Let m(l) = p*c(l) + 10*a(l). What are the prime factors of m(1)?
3, 5
Suppose 9*d = 6*d + 225. Let g = d - 20. Suppose 85 + g = 5*n. What are the prime factors of n?
2, 7
Suppose 3*b - 8507 = 1240. List the prime factors of b.
3, 19
Let i(q) = -8*q + 16. Let x be i(-14). Suppose 0 = 3*l + l - x. List the prime factors of (-8)/l + 105/4.
2, 13
Suppose 9 = -d - 1. Let b = -19 - d. List the prime factors of (-169)/b + (-10)/(-45).
19
Let y(u) = 257*u**2 + u + 2. What are the prime factors of y(1)?
2, 5, 13
Suppose -15 = 3*u, 5*u + 1630 = -z + 6355. List the prime factors of z.
2, 5, 19
Let o = 7276 - 2775. List the prime factors of o.
7, 643
Let v = -9 + 10. Let u(b) = -50*b**3 - b**2 + 2*b - 1. Let k be u(v). Let o = k + 71. List the prime factors of o.
3, 7
Let p(a) = -8*a + 1. Let d be p(2). Let g = 23 + d. Let l = 45 - g. What are the prime factors of l?
37
Suppose -l + 2*m = -3303 + 1153, -3*m + 6 = 0. What are the prime factors of l?
2, 3, 359
Suppose -2*i = -340 - 124. Let w = -273 - -253. What are the prime factors of (-16)/w + i/10?
2, 3
Let i = 288 - 184. List the prime factors of i.
2, 13
List the prime factors of (-1 - -3 - 3) + (-37992)/(-12).
3, 5, 211
Suppose 8*h - 12*h + 84 = 0. Suppose a - h = -2*a. Suppose 210 = a*q - 2*q. List the prime factors of q.
2, 3, 7
Let y be (-18)/4*88/(-12). Suppose y*x - 34*x = -121. List the prime factors of x.
11
Let x = 13 + -9. Suppose -2*f - 40 = -x*f. Suppose -82 = -2*c - f. What are the prime factors of c?
31
Let b = 80 + 250. Suppose -4*r + 0 + 4 = 0, -3*t - 3*r + b = 0. What are the prime factors of t?
109
Let o = -170 + 308. Suppose -35 = -b - 3*j + 4*j, 4*b - 3*j - o = 0. Suppose -16*h + b = -15*h. List the prime factors of h.
3, 11
Let z(u) = -48*u - 2 + 0 - 29*u + 25*u. What are the prime factors of z(-1)?
2, 5
Suppose 708450 = 109*f + 122139. What are the prime factors of f?
3, 11, 163
Suppose -3*a = 3*b + 6, 3*b = -2*a - 0*a - 6. Suppose a = -6*i + 10*i - 2*u - 1226, -u = 2*i - 619. List the prime factors of i.
2, 7, 11
Let g = -1966 + 3496. What are the prime factors of g?
2, 3, 5, 17
Suppose -4*q - 4*a = -0*a - 32, -5*a + 10 = -5*q. Suppose -q*u - 2*h = -5*h - 456, 0 = 4*u - h - 596. What are the prime factors of u?
2, 37
Let x = 20 - 24. Let m(y) = -y - 2. Let k be m(x). Let r = k + 24. What are the prime factors of r?
2, 13
Let r(g) = 15*g - 8. Let f be r(4). Let p(c) = -c**3 - 17*c**2 + c - 5. Let s be p(-17). Let u = f + s. What are the prime factors of u?
2, 3, 5
Let u(w) = 2*w**2 - 3*w + 4. Let h be u(2). Let s be (15/9)/(1/h). Suppose -s*f = -8*f - 144. What are the prime factors of f?
2, 3
Let w = -689 - -3305. List the prime factors of w.
2, 3, 109
Let y(v) = -23*v - 1. Let p be y(-9). Suppose -109 - p = -5*k. What are the prime factors of k?
3, 7
Let v be 0 - -40*(-3 + (-31)/(-5)). Suppose -2*g - 5*o = 2*g - 132, 3*o = 5*g - v. What are the prime factors of g?
2, 7
Suppose -40 = -5*m - 0*m. Let j(i) = 24*i - 7 + 27*i + 1 - 50*i. List the prime factors of j(m).
2
Let y(h) = -12*h - 4. Let k be y(-2). Let v be 148/k + (-4)/10. List the prime factors of 285/v + 4/14.
41
Suppose 10*t = 61 + 29. Let f(p) = p**3 - 5*p**2 - 6*p + 14. List the prime factors of f(t).
2, 71
Let l(g) be the second derivative of 1/12*g**4 - 2/3*g**3 + 0 - 11/2*g**2 + 5*g. List the prime factors of l(8).
3, 7
Suppose 5*z = 4*k - 201, 0 = 2*k - 2*z - 111 + 9. Suppose -k = -3*s + 4*g + 36, 0 = 4*g. What are the prime factors of ((-4)/3)/((-4)/s)?
2, 5
Let u be 2/(-1) + (16 - -4). Let h = -14 + u. Suppose h = 2*i - 10. What are the prime factors of i?
7
Let d = 11 + -11. Suppose d*t - 6 = t. What are the prime factors of 2296/48 - 1/t?
2, 3
Let j = -517 - -946. List the prime factors of j.
3, 11, 13
Let m = 79 - 77. Suppose 0 = u - 5*u - 4*v + 308, -3*u = -m*v - 206. List the prime factors of u.
2, 3
Let k be 16/(-1 + -3) + -17. Let c = 8 - -12. Let j = c - k. List the prime factors of j.
41
Let h(r) = r**2 - 4*r. Let g be h(5). Let u = -94 - -101. Suppose -u*v + 62 = -g*v. What are the prime factors of v?
31
Let o = -22 - -26. Suppose -3*a + 105 = 3*f, 3*f = o*a - f - 164. List the prime factors of a.
2, 19
Suppose -4*m - g = -6069, -15*m + 10*m - g = -7587. List the prime factors of m.
2, 3, 11, 23
Suppose 6*n - 23*n = -21437. What are the prime factors of n?
13, 97
Suppose 10*t = 10427 + 14453. What are the prime fa